= 5*l. Suppose 5*q = -4*b + 143, -5*q - 5*b + c = -8*b. What is the remainder when 60 is divided by q?
29
Let p = 71 + -37. Let n = 22127 - 22015. Calculate the remainder when n is divided by p.
10
Suppose -14*z = -15*z + o + 5, 5*z + 3*o = 9. Suppose z*f - 2734 = -832. Calculate the remainder when f is divided by 49.
46
Suppose 2*p + 3*p = 190. Suppose -m + 20 = -p. Suppose n - m = -2*a - 0*n, 0 = -2*a - 2*n + 60. Calculate the remainder when a is divided by 10.
8
Let r = -1294 + 1406. Let n(j) = -j + 2. Let s be n(0). Suppose 8 = -s*z + r. What is the remainder when z is divided by 27?
25
Suppose -s = 2*w + 2*s - 27, -5*w + 5*s + 55 = 0. Suppose -w*y + 226 + 974 = 0. Suppose y = 24*r - 19*r. What is the remainder when 38 is divided by r?
18
Let v = -198 - -489. Let m = v + -141. What is the remainder when m is divided by 70?
10
Let r = -708 - -688. Let b(f) = -15*f + 218. Calculate the remainder when b(r) is divided by 104.
102
Let t(v) = -v**3 - 4*v**2 + 5*v + 4. Let m be t(-5). Suppose 48 = m*l - 5*l. Let i = l - -98. What is the remainder when i is divided by 13?
11
Suppose p + 8*y = 10*y + 138, -2*p - 4*y + 276 = 0. Calculate the remainder when p is divided by 78.
60
Let g(z) = 8*z**2 + 5*z - 3. Let l be 15/6*(-6)/(-5). Let i = -16358 + 16380. What is the remainder when g(l) is divided by i?
18
Suppose 5*i = 5*g - 210, 6*g = -119*i + 123*i + 264. What is the remainder when 1990 is divided by g?
22
Let k(i) = -2*i**2 - 27*i - 47. Let v be k(-6). Suppose 8*t - v - 261 = 0. Calculate the remainder when 148 is divided by t.
34
Suppose 0 = 4*u + 4, h - 3*u = -4*u - 112. Let t = 210 + h. What is the remainder when t is divided by 26?
21
Suppose u + 246 = 3*s, 7*s - 2*s - 421 = -2*u. What is the remainder when s is divided by 17?
15
Suppose -16*x + 15*x = 0. Let r(j) = j**2 - 7*j + 438. Calculate the remainder when r(x) is divided by 40.
38
What is the remainder when 2132 is divided by (-651)/(-6)*4/7 + (-54)/(-18)?
52
Let v(o) = o**2 - 6*o - 1. Let d be v(10). Suppose -3*c + d = 6. Suppose 4*h = 11 + 5. What is the remainder when c is divided by h?
3
Let y(i) = i**2 - 10*i - 39. Suppose -3*b - 4*h + 84 = -5*h, 3*b - 84 = -2*h. Calculate the remainder when y(18) is divided by b.
21
Let s(c) be the second derivative of -29*c**3/3 - 145*c**2 + 2*c + 32. Calculate the remainder when s(-8) is divided by 22.
20
Calculate the remainder when 1538 is divided by 80/220 + 3665/55.
64
Let n = 14582 + -14464. What is the remainder when 467 is divided by n?
113
Suppose -3*w = -3 + 21. Let i be (-11)/(-6) + w/(-36). Calculate the remainder when 1 + 2/i + 80 is divided by 43.
39
Let u = 10571 + -10514. Calculate the remainder when 402 is divided by u.
3
Let i = 2336 + -2306. Let d(g) = 5*g**2 + 2*g - 3. Let q be d(3). Let u = q - -10. Calculate the remainder when u is divided by i.
28
Let m(r) = -4 + 14 - r**2 - 4 + 7 + 4*r. Let f be m(-6). Calculate the remainder when -2*f/6*3 is divided by 8.
7
Let f(r) = 159*r + 1. Let q = 91483 - 91427. Calculate the remainder when f(1) is divided by q.
48
Let t = -4991 + 17492. Calculate the remainder when t is divided by 133.
132
Let h(l) = -6*l - 22. Let t = -17 - -22. Suppose -2*d + 16 = f, 0*d + 3*f - 39 = -t*d. What is the remainder when d is divided by h(-4)?
1
Let z(v) = -v**3 + 4*v**2 + 191*v + 538. Calculate the remainder when 3302 is divided by z(-3).
26
Suppose 63*c = -31*c + 35*c + 3422. What is the remainder when 1964 is divided by c?
50
Let q = 24291 + -23829. Let w(b) = -b**3 + 10*b**2 - 6*b + 2. What is the remainder when q is divided by w(9)?
27
Suppose -5*a + 5*f = 6*f + 28, 4 = a + 5*f. Let y be 2/2 - 58/(-2). What is the remainder when 61 is divided by a/(-3) + y/1?
29
Let u be (-410)/(-8) + (-1)/4. Suppose -2*b + b + u = 0. Suppose 254*g + 5 = 257*g - 19, 4*m - 20 = 10*g - 6*g. What is the remainder when b is divided by m?
12
Let b(i) = -2*i**2 + 26*i - 18. Suppose -5*a + 312 = -2*n, -343*a - 340 = -348*a - 5*n. Calculate the remainder when a is divided by b(11).
12
Let l(d) = -d**3 - 3*d**2 + 5*d - 4. What is the remainder when (114210/(-940))/(36/(-8)) is divided by l(-5)?
6
Suppose 4*m - 468 = m. Suppose -4*i + 2*i = -m. What is the remainder when i is divided by (-192)/42*5/((-10)/7)?
14
Suppose 0 = -17*u + 21*u - 12*u + 368. What is the remainder when u is divided by 28?
18
Let r(q) = -52*q + 982. What is the remainder when r(0) is divided by 141?
136
Suppose 60*j = 52*j + 40. Calculate the remainder when (((-16)/j)/2)/(23/(-1265)) is divided by 23.
19
Let a = 8306 - 8210. What is the remainder when 2879 is divided by a?
95
Suppose 705*c = -3*d + 709*c + 25, 2*c = -2. What is the remainder when 769 is divided by d?
6
Suppose 22 = 2*p + 16. Suppose p*n - 116 = -i, -2*i = 3*n - 4*i - 101. Let o = -9 + 17. Calculate the remainder when n is divided by o.
5
Let v(i) = i**2 + 5*i - 50. Let j be v(-10). What is the remainder when 110 is divided by (-1 - 0)*(-16 - (j - 0))?
14
Let u = -4212 - -4302. Calculate the remainder when u is divided by 92*(25/(-10) - -3).
44
Suppose -p = -3*m + 67, 3*p + 146 = -0*p - 2*m. Let s = p + 76. What is the remainder when 113 is divided by s?
17
Let d = 299 + -302. What is the remainder when 158 is divided by d - 2/((-8)/76)?
14
Let j(i) = 35*i**2 - 3*i + 10. Let m be j(4). Let a = m + -219. Calculate the remainder when a is divided by 18.
15
Suppose -39*q = 8444 - 41555. Calculate the remainder when q is divided by 37.
35
Suppose -244 = -2*d + 5*k + 247, 4*d - 4*k - 964 = 0. Calculate the remainder when d is divided by 7.
0
Let p = 30525 + -28793. Calculate the remainder when p is divided by 20.
12
Suppose 3*n + 23 = 4*b, -27 = -b + 3*n + 2*n. Suppose b*w = -4*u + 76, -2*w + 161 = 2*w - u. Let g = -33 + w. Calculate the remainder when 20 is divided by g.
6
What is the remainder when (-98)/(-63) + (-35688)/(-108) is divided by 84?
80
Let v = 31 - 29. Suppose -5*h - 190 = -5*g, 0 = v*g + 3*h - 90 + 14. Let f = g - 5. What is the remainder when f is divided by 17?
16
Suppose -j = 0, 3*f - 9*j + 12*j = 1314. Calculate the remainder when f is divided by 46.
24
What is the remainder when ((-121122)/30)/(-3) - 6/(-5) is divided by 26?
21
Let v(s) = -s + 2. Let l(r) = -19*r + 107. Let g(z) = -l(z) + 4*v(z). Calculate the remainder when g(11) is divided by 23.
20
Calculate the remainder when 4915 is divided by 26/5 - (-15)/750*-10 - -6.
9
Suppose 10*y - 120 = 8*y. Let j = 71 - y. Let f = -8 + 29. Calculate the remainder when f is divided by j.
10
Let z(i) = 21*i + 15*i**2 + 2*i**3 - 3*i**3 - 21 + i**3 - i**3. What is the remainder when z(16) is divided by 16?
11
Calculate the remainder when 13169/11 - (-144)/(-792) is divided by 304.
285
Suppose -5*n = -46 - 769. What is the remainder when n is divided by (((-2 - -2) + 1)/(-2))/(52/(-8736))?
79
Let z be 4 - 0 - (-50)/(-10). Calculate the remainder when z*(4/(-6))/((-6)/(-1557)) is divided by 29.
28
Let p = -38 - -35. Suppose -3*b - 8 = b, -5*b - 55 = -5*h. Calculate the remainder when (-22 - -20)/(p/39) is divided by h.
8
Let u = -3753 - -3953. Calculate the remainder when u is divided by 35.
25
Suppose -k + 55 = 4*m, -1384*k + 1382*k = -4*m - 158. What is the remainder when 2056 is divided by k?
68
Suppose -6380 - 13995 = -18*p - 7*p. Calculate the remainder when p is divided by 102.
101
Let l = -24674 - -24943. What is the remainder when 592 is divided by l?
54
Let j(y) = y**3 + y**2 + 22*y + 6. Calculate the remainder when 5357 is divided by j(0).
5
Suppose -21*o + 4*h = -20*o - 44, 0 = o + h - 54. Let m = 65 - o. Calculate the remainder when 244 is divided by m.
10
Let w(v) = -2*v**2 - 63*v + 1278. What is the remainder when 8313 is divided by w(-45)?
60
Let w(l) = l**2 - 11*l - 9. Let r(q) = -q - 1. Let c(s) = 4*r(s) - w(s). Let f = -16 - -56. What is the remainder when f is divided by c(5)?
10
Let d(x) = 3*x**3 - 13*x**2 - 19*x - 15. What is the remainder when 269 is divided by d(6)?
14
Let y = -7141 - -7225. Calculate the remainder when y is divided by 15.
9
Suppose 28*l - 22*l - 30 = 0. Suppose 14*v - l*h = 10*v + 408, -4*h - 404 = -4*v. What is the remainder when v is divided by 20?
17
Suppose -417 = j - 4*q - 412, 0 = -4*q + 12. What is the remainder when 168 is divided by j?
0
Let w(g) = -g**3 + 19*g**2 + 85*g -